13
Let v(j) = -j**3 - 14*j**2 - 24*j - 68. Calculate v(-13).
75
Let p(w) = w**2 + 38*w + 328. Give p(-25).
3
Let i(u) = 16*u**2 + 150*u + 54. Determine i(-9).
0
Let o(n) = 284*n**3 - 4*n**2 - 2*n + 1. Calculate o(-1).
-285
Let d(n) = 739*n - 4. Calculate d(0).
-4
Let v(o) = o**3 - 27*o**2 + 179*o + 33. Determine v(14).
-9
Let f(y) = -y**2 - 16*y + 43. Give f(-16).
43
Let i(j) = 2*j**2 + 75*j - 226. Give i(3).
17
Let u(q) = -2*q + 127. Calculate u(39).
49
Let f(c) = -776*c - 14776. What is f(-19)?
-32
Let k(m) = m**3 - 4*m**2 - 3*m - 6. Determine k(-3).
-60
Let w(u) = 79*u + 964. Determine w(-12).
16
Let d(q) = -q**3 - q**2 - 95*q + 186. Determine d(2).
-16
Let n(q) = q**2 - 12*q - 299. Determine n(-12).
-11
Let z(f) = 2*f**2 - 106*f + 727. Calculate z(45).
7
Let h(q) = 4*q**3 + 154*q**2 + 1476*q - 111. Calculate h(-19).
3
Let u(j) = -10*j**2 + 112*j + 552. What is u(-5)?
-258
Let f(l) = 3*l**2 - 8*l - 29. Give f(-6).
127
Let d(j) = -48*j - 4486. What is d(-94)?
26
Let b(g) = -g**3 + 20*g**2 - 91*g - 57. Give b(14).
-155
Let a(v) = -v**3 - 7*v**2 + 89*v + 604. Determine a(-7).
-19
Let h(v) = -58*v + 491. What is h(11)?
-147
Let f(a) = -38*a + 481. Give f(5).
291
Let p(h) = 113*h - 12. Calculate p(0).
-12
Let k(b) = b**3 - 14*b**2 + 41*b + 47. Calculate k(6).
5
Let d(m) = -367*m + 690. What is d(2)?
-44
Let b(u) = -u**3 - 39*u**2 - 4*u - 96. Give b(-39).
60
Let y(f) = 7*f**2 + 342*f - 409. Calculate y(-50).
-9
Let p(m) = m**3 - 14*m**2 + m + 384. Determine p(8).
8
Let r(w) = -304*w**2 + 3*w. Determine r(-1).
-307
Let g(b) = -10*b**2 + 83*b + 378. Determine g(-5).
-287
Let n(i) = -3*i**2 + 17*i + 2822. Determine n(-28).
-6
Let j(u) = -7*u**2 + 314*u - 259. Determine j(44).
5
Let u(w) = -10*w**2 - 154*w - 322. Determine u(-13).
-10
Let d(w) = 21*w**3 - 16*w**2 - 32*w. What is d(-2)?
-168
Let p(g) = g**3 - 4*g + 15. Calculate p(4).
63
Let u(n) = 41*n**3 + 2*n**2 - 182*n + 179. Calculate u(1).
40
Let w(v) = -226*v - 13792. Give w(-61).
-6
Let j(o) = 10*o**2 - 454*o - 241. Determine j(46).
35
Let x(j) = j**3 - j**2 + 241*j - 7. Calculate x(0).
-7
Let k(i) = 89*i + 133. What is k(-3)?
-134
Let z(a) = 3*a**3 + 110*a**2 - 20*a + 62. Give z(-37).
-567
Let p(m) = m**2 + 7*m - 1283. Determine p(35).
187
Let g(j) = -211*j**2 - 6*j + 4. Determine g(-1).
-201
Let n(m) = -m**2 - 26*m + 180. Give n(-27).
153
Let t(z) = -876*z + 6148. Give t(7).
16
Let v(c) = 15*c**2 - 36*c + 32. Give v(1).
11
Let d(k) = 2*k**3 + 36*k**2 - 60*k - 1077. Calculate d(-18).
3
Let n(v) = 2*v**2 + 35*v - 558. Determine n(11).
69
Let r(t) = -4*t**3 - 2*t**2 - 3*t - 5. Determine r(-3).
94
Let l(r) = -841*r + 5040. What is l(6)?
-6
Let w(a) = 3*a**3 - 2*a**2 - 2*a - 14. Give w(5).
301
Let m(c) = 18*c**2 - 6*c + 7. What is m(1)?
19
Let r(h) = -2*h**3 + 33*h**2 - 7*h - 82. Give r(15).
488
Let y(m) = -m**3 + 2*m**2 + 41*m - 296. Give y(8).
-352
Let v(k) = 64*k**2 + 577*k - 2. Determine v(-9).
-11
Let w(m) = 10*m**2 - 20*m + 61. What is w(4)?
141
Let n(s) = -s**3 + 10*s**2 - 4*s + 45. Calculate n(9).
90
Let b(h) = h**3 + 20*h**2 - 43*h - 37. Give b(-21).
425
Let h(m) = 44*m + 1364. Calculate h(-31).
0
Let u(j) = 2*j**3 + 27*j**2 - j + 34. Give u(0).
34
Let m(v) = 810*v + 140949. Give m(-174).
9
Let j(w) = -256*w - 4867. Determine j(-19).
-3
Let c(w) = w**3 - 39*w**2 + 320*w + 92. Determine c(27).
-16
Let f(l) = 3*l**3 + 4*l**2 - 11*l - 26. What is f(-2)?
-12
Let r(q) = 39*q**2 - 532*q - 155. What is r(14)?
41
Let j(w) = 8*w**2 - 124*w + 18. Determine j(15).
-42
Let u(f) = -7*f**2 + 1383*f + 2797. Give u(-2).
3
Let m(q) = q**3 + 129*q**2 - 7393*q - 128. Calculate m(43).
1
Let k(f) = 130*f - 3. Determine k(1).
127
Let k(m) = 4*m**3 - 6*m**2 - m - 13. Determine k(2).
-7
Let o(l) = -6*l**3 - 7*l**2 + 7*l + 6. Calculate o(-4).
250
Let t(f) = -196*f + 24308. Calculate t(124).
4
Let n(k) = -21*k**2 + 613*k - 101. What is n(29)?
15
Let j(k) = -147*k - 26895. Calculate j(-183).
6
Let g(s) = -s**3 - 32*s**2 - 223*s - 56. What is g(-22)?
10
Let v(x) = x**2 - 254*x + 13560. What is v(77)?
-69
Let n(c) = -c**3 + 73*c**2 - 139*c + 4823. Calculate n(72).
-1
Let q(g) = 4433*g + 44329. Give q(-10).
-1
Let q(d) = -14*d - 373. What is q(-26)?
-9
Let z(x) = -3471*x - 10404. Give z(-3).
9
Let g(b) = -b**3 + 15*b**2 + 4*b + 70. Determine g(15).
130
Let s(q) = -30*q**2 + 52*q - 211. What is s(5)?
-701
Let s(x) = -x**3 + 9*x**2 - 9*x - 19. Determine s(3).
8
Let u(j) = -2680*j - 48290. What is u(-18)?
-50
Let d(t) = 5*t**3 + 6*t**2 + 119*t - 124. Determine d(1).
6
Let n(z) = z**2 + 6*z + 186. What is n(0)?
186
Let a(n) = -344*n - 21679. Determine a(-63).
-7
Let v(n) = -265*n + 9. Calculate v(0).
9
Let k(v) = -v**2 - 174*v - 4760. Calculate k(-34).
0
Let b(n) = -n**3 + 15*n**2 - 34*n + 2. Give b(12).
26
Let l(h) = 505*h + 10598. Give l(-21).
-7
Let n(b) = -2*b**2 - 1118*b - 22589. Calculate n(-21).
7
Let i(m) = 551*m - 1660. Determine i(3).
-7
Let b(k) = -2*k**3 + 52*k**2 + k - 65. Calculate b(26).
-39
Let u(l) = -2*l**2 - 4071*l - 28396. What is u(-7)?
3
Let n(b) = b**3 - 62*b**2 + 42*b + 1144. Calculate n(61).
-15
Let r(x) = -x**3 + 23*x**2 - 60*x - 12. What is r(3)?
-12
Let r(c) = -561*c + 7333. Determine r(13).
40
Let z(x) = -136*x**2 - 2175*x + 11. What is z(-16)?
-5
Let u(s) = 44*s + 1203. Give u(-27).
15
Let g(q) = -5*q**2 - q + 54. Give g(-8).
-258
Let f(v) = 8*v**2 + 1325*v - 4022. What is f(3)?
25
Let i(h) = -2*h**3 - 17*h**2 - 18*h - 2. What is i(-1)?
1
Let m(f) = -3318*f + 13339. Calculate m(4).
67
Let c(v) = 12*v - 67. Determine c(1).
-55
Let s(r) = r**2 - 29*r - 27. What is s(16)?
-235
Let l(o) = o**3 - 11*o**2 + 10*o - 229. Give l(15).
821
Let m(i) = -i**2 - 24*i + 75. Give m(-8).
203
Let y(x) = x**3 - 27*x**2 + 9*x + 114. Calculate y(26).
-328
Let q(p) = -p**3 - 35*p**2 - 278*p - 37. What is q(-23)?
9
Let w(d) = -11*d**2 - 677*d - 677. Determine w(-1).
-11
Let y(h) = -h**2 - 88*h - 600. What is y(-7)?
-33
Let d(x) = 11*x - 70. Give d(8).
18
Let q(i) = i**3 + 37*i**2 + 18*i - 649. What is q(-36)?
-1
Let z(h) = 42*h**2 + 27*h + 5. Give z(-2).
119
Let n(c) = c**3 - 53*c**2 + 159*c - 163. Determine n(50).
287
Let l(y) = -46*y - 4978. Give l(-109).
36
Let f(j) = 2*j**3 + 28*j**2 + j - 2. Determine f(-14).
-16
Let b(c) = -88*c - 516. What is b(-6)?
12
Let a(h) = 2*h**2 + 3*h - 276. Calculate a(14).
158
Let l(d) = 245*d - 3670. Calculate l(15).
5
Let m(o) = -o**3 + 66*o**2 + 133*o - 75. Calculate m(68).
-279
Let r(b) = 9*b - 70. Calculate r(12).
38
Let c(k) = -k**2 + 42*k - 212. What is c(20)?
228
Let g(o) = -467*o - 91510. Calculate g(-196).
22
Let y(k) = -7*k + 783. Give y(73).
272
Let k(p) = p**2 + 22*p - 207. Calculate k(-29).
-4
Let d(u) = u**3 - 11*u**2 - 12*u + 15. Determine d(12).
15
Let b(s) = -64*s + 11008. Calculate b(172).
0
Let l(u) = -52*u - 1238. Give l(-24).
10
Let d(l) = 11*l**2 + 41*l + 36. Calculate d(-1).
6
Let h(x) = 8*x**2 - 30*x - 81. Calculate h(-2).
11
Let n(t) = t**3 + 9*t**2 - 51*t + 8. Give n(4).
12
Let q(a) = -295*a - 2960. Give q(-10).
-10
Let r(m) = 4*m**2 + 314*m - 1319. Give r(4).
1
Let t(d) = 38*d**3 - 50*d**2 + 6. What is t(2)?
110
Let v(z) = -z**3 - 76*z**2 - 358*z - 54. Calculate v(-71).
159
Let w(g) = 7*g**2 + 339*g + 102. What is w(-45)?
-978
Let a(c) = 66*c + 2183. What is a(-34)?
-61
Let o(t) = -t**3 + 13*t**2 + 11*t + 61. Calculate o(7).
432
Let j(b) = 3*b**2 + 13*b + 16. Calculate j(0).
16
Let w(m) = -m**3 - 781*m**2 - 14480*m - 36. Determine w(-19).
2
Let t(n) = -n**3 - 14*n**2 - 19*n - 101. What is t(-11)?
-255
Let o(q) = -q**2 - 31*q - 202. Determine o(-13).
32
Let f(d) = -2*d**2 - 3*d + 36. Determine f(-5).
1
Let q(i) = -48*i**3 - 2*i**2 - 6*i - 5. What is q(-1)?
47
Let a(u) = u**2 + 63*u + 939. Calculate a(-41).
37
Let n(u) = -32*u - 194. Give n(-6).
-2
Let h(r) = -772*r - 9265. Determine h(-12).
-1
Let k(j) = 3039*j - 18231. Determine k(6).
3
Let g(z) = -10*z - 673. Determine g(-58).
-93
Let a(i) = 827*i + 60371. Calculate a(-73).
0
Let f(a) = -3*a**2 - 416*a + 263. What is f(-139)?
124
Let l(p) = -95*p - 11489. Give l(-121).
6
Let u(m) = -33*m - 97. Give u(6).
-295
Let r(d) = d**3 - 42*d**2 - 86*d - 38. Give r(44).
50
Let y(f) = -f**3 - 157*f**2 - 5*f - 784. Determine y(-157).
1
Let d(w) = w**2 + 30*w + 219. Calculate d(-16).
-5
Let f(r) = 28*r + 55. Giv